, 3, 83
Let g(x) = x**3 - 3*x**2 - 7*x + 10. Let h be g(5). Let z = h - 21. Suppose -z*o = j - 0*j - 152, -35 = -o - j. What are the prime factors of o?
3, 13
Suppose 0 = 3*k + 3*d - 4419, 4*k - 3*k + 2*d - 1469 = 0. List the prime factors of k.
7, 211
Let h = 14 - 4. Suppose 6 + h = -4*v. What are the prime factors of (65/(-4) - -3)*v?
53
Suppose 34*k - 37*k = -84. List the prime factors of (-1 + 469)*14/k.
2, 3, 13
Let w = -772 - -2810. List the prime factors of w.
2, 1019
Suppose 2*b + 4 = -2*b. Let r be 3/b - (-74 - 4). Suppose 5*k + r = 225. List the prime factors of k.
2, 3, 5
Let c(t) = -4*t - 3. Let h be c(-3). Suppose -3*v = 3 - h. Suppose w = -v*w + 216. List the prime factors of w.
2, 3
Let i = -406 + 408. Let q(s) = -s**2 - 5*s + 3. Let o be q(-5). What are the prime factors of i - (3 - (o - -31))?
3, 11
Let t be (-9)/(-4) + (-8)/32. Suppose -41 = -r - t. List the prime factors of r.
3, 13
Suppose 5 + 15 = 2*v. Let m(n) = n**3 - 11*n**2 + 10*n + 17. What are the prime factors of m(v)?
17
Suppose 20*x - 21*x + 214 = 0. List the prime factors of x.
2, 107
Let m(u) = 8*u + 5. Let t be m(5). Let d be (t/(-12))/(3/16). List the prime factors of d/(-6)*24/20.
2
What are the prime factors of 0 + (1 - 3) + 572?
2, 3, 5, 19
Let a = 95 - 93. What are the prime factors of (0 + 333/a)*38/57?
3, 37
Suppose -3*m - 747 = -6*m. What are the prime factors of m?
3, 83
Let x(s) = 5*s**2 - s + 2. Let o be x(-2). List the prime factors of (5/(40/196))/(4/o).
3, 7
Let s(u) = -u - 3. Suppose 10 = -2*d - 4. Let g be s(d). Suppose -g*y + 129 = -y. List the prime factors of y.
43
Let q be (-4)/1 - (-7 + -1). Suppose -q*k - 8*y = -3*y - 205, 0 = -k - 4*y + 54. Let c = 86 - k. What are the prime factors of c?
2, 3
Let m(l) = l. Let h be m(7). Let j be (h + -27)*(-18)/8. Let v = j - 0. List the prime factors of v.
3, 5
Suppose 0 = -2*j + 6*j + 28. Let t = j - -84. What are the prime factors of t?
7, 11
Let k(a) be the second derivative of 2*a**5/15 + a**4/12 + a**3/6 - 3*a**2 + 4*a. Let t(j) be the first derivative of k(j). List the prime factors of t(-2).
29
Let p(v) = -10*v - 15. Let n be p(-18). Suppose n = 4*g - 15. What are the prime factors of g?
3, 5
Let j = 7125 + -3957. What are the prime factors of j?
2, 3, 11
Let h = 10 + -3. Let a(w) = w**2 + 11*w - 5. List the prime factors of a(h).
11
Let n = 2817 - -2744. What are the prime factors of n?
67, 83
Suppose -2*r + 830 = 3*r. Suppose -4*m + 2*m - 4*n + r = 0, 3*n + 402 = 5*m. What are the prime factors of m?
3
Let t be 33/(2*6/(-8)). Let i = 47 + t. What are the prime factors of i?
5
Suppose -4*z + 0*g = -5*g - 1092, -g = -3*z + 808. Let i = z - -134. What are the prime factors of i/10 - (-2)/(-10)?
2, 5
What are the prime factors of (-148)/(-1) + (3 - (-8 - -12))?
3, 7
Suppose -k + 0*d = -2*d - 188, -740 = -4*k - 4*d. List the prime factors of k.
2, 3, 31
Suppose -2*i = -3*j + 203, -3*j + 61 = -4*i - 138. List the prime factors of j.
3, 23
Suppose -d + 522 = l, -2*d + 3*l = -744 - 295. What are the prime factors of d?
521
List the prime factors of (2/(-9))/((-90)/893835).
2207
Suppose 0 = -h + 12 + 1. Suppose -2*p - 3*d = -h, -5*p + 0*d - 4*d = -36. List the prime factors of p.
2
Let r(q) be the first derivative of -5*q**4/6 - 3*q**3/2 + 7*q**2/2 + 10. Let x(v) be the second derivative of r(v). What are the prime factors of x(-4)?
71
Let r(g) = g**3 - 5*g**2 + 3*g + 4. Let m be r(2). Let p be m*((-18)/4 + 4). Let a(d) = 30*d**2 + 1. List the prime factors of a(p).
31
Let p be (186/7)/((-7)/(-49)). Suppose p = 3*d - 162. List the prime factors of d.
2, 29
Suppose 0 = 3*p - 5*p - 6. Let i(c) = -52*c - 1. What are the prime factors of i(p)?
5, 31
Suppose 0 = -5*v + 249 - 14. Let f = v - 8. What are the prime factors of f?
3, 13
Let z(k) = 3*k**2 - 15*k + 96. List the prime factors of z(11).
2, 3, 7
Let t be 0*-4*2/(-16). Suppose t + 12 = 2*k. List the prime factors of (-1)/(-3) + 214/k.
2, 3
Suppose 33*g - 65209 - 23792 = 0. What are the prime factors of g?
3, 29, 31
Suppose -t + 2 = 0, -c + 3*t + 24 + 4 = 0. Let l = 11 + c. What are the prime factors of l?
3, 5
Let n be (1 - 13)*(-14 + 15). Let z(l) = l**3 + 13*l**2 + 5*l - 17. List the prime factors of z(n).
67
Let a(k) be the second derivative of -1/2*k**2 + 5/6*k**4 + k**3 - 7*k + 0 + 1/20*k**5. List the prime factors of a(-9).
2, 13
Let g(n) = -273*n - 12. List the prime factors of g(-2).
2, 3, 89
Suppose 16*c = 2*c + 12124. List the prime factors of c.
2, 433
Suppose -3*l + 405 = j - 234, 4*l - 3151 = -5*j. Suppose -j + 7 = -4*f. What are the prime factors of f?
5, 31
Suppose 3*j - 17*j = -630. List the prime factors of j.
3, 5
Suppose -15 = 5*l + 65. Let a be 9/(9/2) + -1. What are the prime factors of ((-12)/l)/(a/28)?
3, 7
Let u(q) = 650*q - 12 - 644*q + q**2 - 10. List the prime factors of u(6).
2, 5
Let d = -22 + 43. Let i be (-8)/(-52) - 256/(-26). Suppose -j + i = -d. List the prime factors of j.
31
Suppose 0 = -3*z - 35 + 125. Suppose -g + 3*g = z. Suppose -3 = 4*a + 4*u - g, a = -2*u - 2. What are the prime factors of a?
2
List the prime factors of (-58 + 55)/((-5)/((-16935)/(-9))).
1129
Let i = -11 + -6. Let x be -1 - (-26 - 1 - 2). Let o = x + i. What are the prime factors of o?
11
Let t = -28 + 70. List the prime factors of t/1 - (3/(-3) - -2).
41
Let i = 18 + -10. Suppose 336 = 12*q - i*q. List the prime factors of q.
2, 3, 7
Let y = 294 - 196. What are the prime factors of y - -1 - (-6 - -2)?
103
Let v = 33 + -9. Let h = v + -10. Suppose 5*n - 67 = -4*g + h, -75 = -4*g + n. List the prime factors of g.
19
Suppose -1010 - 5494 = -12*u. What are the prime factors of u?
2, 271
Let j(g) = -5*g - 2. Let o(t) = -t. Let w(m) = j(m) + 6*o(m). What are the prime factors of w(-9)?
97
Let b = -18 + 20. Let o(m) = 17 + 3*m**2 - 2*m**2 - 2*m**b + 46. List the prime factors of o(0).
3, 7
Let x = -1 - -5. What are the prime factors of 81 - (-5)/(10/x)?
83
Let c be (3 - 218/4)*2. Let m = -42 - c. What are the prime factors of m?
61
Let d = 61 + -102. Let y = d + -1. Let t = y + 72. What are the prime factors of t?
2, 3, 5
Let f = 2843 - 959. What are the prime factors of f?
2, 3, 157
Suppose -86 = -3*c + 5305. List the prime factors of c.
3, 599
Let x = -109 - -106. List the prime factors of (x/((-9)/6) - 4) + 134.
2, 3, 11
Suppose o + 4*b + 3007 = 2*o, -15 = -5*b. List the prime factors of o.
3019
Suppose 2014 - 6226 = -4*t. What are the prime factors of t?
3, 13
Let l = 188 + 261. List the prime factors of l.
449
Let k(u) = -u**3 + 18*u**2 - 29*u + 84. What are the prime factors of k(16)?
2, 3, 11
Suppose k - 3*r = 3*k - 768, -2*k + 4*r = -754. List the prime factors of k.
3, 127
Let j(g) = -g - 1. Let p be j(-6). Suppose p*u + 110 = 5*m, -5*m = 4*u - 173 + 36. What are the prime factors of m?
5
List the prime factors of (0 + (-32)/(-6))*669.
2, 223
Let p(s) = -s + 4. Suppose 4*r + 4 = -4*b, -r - 2*b - 7 = b. Let o be p(r). Suppose 2*w + 2*t = 36, -o*w - 3*t = 2*w - 67. What are the prime factors of w?
13
Let i(a) = 5*a**2 - 3*a - 79. List the prime factors of i(12).
5, 11
Let b = 6 - -3. Suppose -2*q + b = 1. Suppose 51 = 5*y - q. List the prime factors of y.
11
Let j(t) = t**2 - 10*t + 9. Let f be j(9). Suppose 2*c + 2 = f, -u + c = 3*c - 22. Let i = 60 - u. List the prime factors of i.
2, 3
Let k(z) be the third derivative of z**4/24 + z**3/3 + 6*z**2. Let j be k(3). What are the prime factors of (-19)/(-5) + 1/j?
2
Suppose 0*p + 3 = -p + l, 2*p = 4*l - 12. Suppose p = -k - 4*k + 180. Suppose k - 111 = -3*n. What are the prime factors of n?
5
Suppose -9*j + 2423 = -2383. List the prime factors of j.
2, 3, 89
Suppose -4*h = -11 + 3. Suppose -2*w + 4*w - h*r = -16, -5*w + r - 20 = 0. Let p(o) = -2*o**3 - 4*o**2 - o - 1. List the prime factors of p(w).
2, 5
Suppose -4*a = -5*a + 3. Suppose -a*k - 2*k + 45 = 0. Suppose i + 3 - k = -2*c, -4*i - c + 59 = 0. What are the prime factors of i?
2
Let x(n) = -2*n - 8. Suppose 12 = -6*s + 4*s. Let r(u) = u + 8. Let g(j) = s*r(j) - 5*x(j). List the prime factors of g(4).
2
Suppose -3996 = -564*j + 560*j. List the prime factors of j.
3, 37
Suppose 8 = 4*p - 0*p. Suppose -p*o - 2*o - 8 = 0. List the prime factors of o*(-2*7 - -3).
2, 11
Let z(q) = -3*q**2 + 17. Let o(f) = -6*f**2 + 33. Let m(i) = 3*o(i) -